t v(p) = 2*p**2 - 1. Let d(x) = -l(x) - 2*v(x). Calculate d(s).
-12
Let g = -93 - -116. Suppose -2*f - 8 = g*d - 25*d, -6 = 2*f - 4*d. Let t(i) = -4*i. Let x(l) = l - 1. Let y(n) = t(n) + 6*x(n). What is y(f)?
-16
Let b(w) = -724*w**3 + 10*w**2 - 33*w + 18. Let h(a) = -334*a**3 + 5*a**2 - 17*a + 9. Let j(s) = -6*b(s) + 13*h(s). Give j(-5).
-1
Let x(g) = 3*g + 8. Let v(i) = i + 3. Let q(d) = 8*v(d) - 3*x(d). Suppose 240 = -u - 5*u. Let f = u + 43. Give q(f).
-3
Let y(b) = 180600 + 180677 - 361528 - 33*b. What is y(-8)?
13
Let p(n) = 2*n**3 + 8*n**2 - 14*n + 10. Let z(x) = 3*x**3 + 11*x**2 - 20*x + 15. Let c(d) = -7*p(d) + 5*z(d). What is c(0)?
5
Suppose -5*k + r = -25, 58*k - 55*k = -3*r + 15. Let l(v) be the third derivative of -1/24*v**4 + 0 - 19*v**2 + 0*v - 1/60*v**k + 1/6*v**3. What is l(1)?
-1
Let v(f) = -8*f + 7 + 2*f**3 - 3 + 7*f**2 + 9 - 3*f**3. Suppose -15 - 27 = -5*l - 3*c, -3*c + 30 = 3*l. What is v(l)?
1
Let w be 2*18/12 + -232. Let d = w + 222. Let y(h) = h - 1. Let a(i) = -7*i + 8. Let q(s) = a(s) + 6*y(s). What is q(d)?
9
Let n(u) = u + 1. Let y(m) = -m**2 + m - 4. Let j(l) = -3*n(l) - y(l). Let b be (-4)/(-10)*(13 + -18). Let p be (2 - b)*15/12. What is j(p)?
6
Let i(y) be the first derivative of -y**2 - 15*y + 12. Let f = 188 - 193. Let m be i(f). Let b(x) = x**3 + 5*x**2 - 3*x - 4. Determine b(m).
11
Let j be 3*8 - (0 + 0). Suppose 5*o + 7*o = -j. Let s(t) = -t**3 - 2*t**2 - 3*t - 2. Calculate s(o).
4
Let v(y) = -3*y**2 + 4*y - 6. Let m(w) = -4*w**2 + 10*w - 5. Let i(b) = -2*m(b) + 3*v(b). Calculate i(-5).
7
Let j(r) = 15*r + 7*r - 61 + 14*r + 236 - r**2 - 6*r. Give j(-5).
0
Let m(b) be the first derivative of b**5/30 + b**4/12 + 24*b**2 - 38. Let n(k) be the second derivative of m(k). What is n(-4)?
24
Let c(y) = y**3 + 9*y**2 + 9*y - 1. Let x = 48 + -13. Suppose 2*i - o = -14, 0*o + o + x = -5*i. Determine c(i).
34
Let s(l) = 15*l - 1. Suppose 2*a + 5*d = -123, -3*a - a - 213 = -d. Let g = 56 + a. Suppose g*i - 8 = -2*i - 2*b, -2*i = 3*b - 8. Calculate s(i).
14
Let x(w) = -2*w + 1 - 10757*w**2 - 10762*w**2 + 21540*w**2. Let b = -33 - -34. What is x(b)?
20
Let v(n) = 26 + 31*n - 72 - 35 - 66*n. What is v(-2)?
-11
Let h(f) = -30*f + 25. Let u(b) = -17*b + 14. Let r(o) = 4*h(o) - 7*u(o). Suppose 1 = 3*t - 11. Give r(t).
-2
Suppose 0 = -5*l - 12 - 23. Let z(y) = 3*y**2 + 7*y - 7. Let p(v) = 4*v**2 + 7*v - 8. Let k = 71 + -74. Let r(m) = k*z(m) + 2*p(m). What is r(l)?
5
Let m(i) = -4*i**2 + i + 2. Suppose -2*q + 75 = 5*g, 4*g - 4*q - 88 = -0*g. Suppose -5*x = d - g, -2*d - 2*x + 0*x + 10 = 0. What is m(d)?
-12
Let g(u) be the first derivative of -7*u**2 - 89*u - 2261. Determine g(-6).
-5
Let j(b) = -3*b - b - 3 + 1 + 7 + b**2. Let p(k) = -11*k - 61. Let r be p(-6). Calculate j(r).
10
Let c(k) = 2*k + 7. Let t = 57 + -81. Let g be ((-3)/(-2))/((-18)/t) - -1. Suppose 8 = -4*v + g*v. Calculate c(v).
-9
Let o(l) be the third derivative of l**6/120 + l**5/10 + l**4/4 - l**3/3 + 313*l**2. Let h be ((-48)/60)/((-2)/(-10)). Calculate o(h).
6
Let r(i) be the second derivative of i**5/60 + i**4/12 - i**3/3 + 79*i**2 + 2*i - 52. Let w(j) be the first derivative of r(j). Calculate w(-3).
1
Let y(r) be the second derivative of -r**4/4 - r**3/3 - 33*r. Let b(c) = 6*c**2 - 7*c - 7. Let a be b(-4). Let f = a - 119. Give y(f).
-8
Let a(z) = -11*z + 236. Let w(c) = -5*c + 111. Let k(i) = 6*a(i) - 13*w(i). Determine k(-13).
-14
Let d(o) = -9*o + 78. Let s(k) = 5*k - 39. Let m(c) = -3*d(c) - 5*s(c). Let u = 4192 - 4176. Determine m(u).
-7
Let a(b) = -b**2 - 1. Let u be 16/5 - 11/55. Suppose 3*i = -u*n - 3, 2*n + 4*i = i - 3. Suppose g + s = -0*s + 6, n = 5*g + 3*s - 22. Determine a(g).
-5
Let k(f) be the third derivative of -f**4/12 + 5*f**3/6 - f**2. Suppose -5*p + 50 = 10*a - 15*a, -14*p - 5*a = -45. Calculate k(p).
-5
Let n(d) = -6*d + 3. Let z(m) = 30*m - 476. Let h be z(16). Determine n(h).
-21
Let f = -4416 - -4420. Let x(n) be the second derivative of 0*n**2 + 10*n + 1/3*n**3 - 1/12*n**f + 0. Give x(1).
1
Let t(p) = -5*p**3 - 4*p - 2. Let l be t(-8). Let z(i) = 1 + 0 - l*i**2 + 2600*i**2. Give z(-1).
11
Suppose 75*o = -340 + 80 - 340. Let n(w) = -w + 5. What is n(o)?
13
Let m(d) = 6*d - 4*d - d. Let z = 199 - 194. Let n be z + 9/(-3) - 10. Give m(n).
-8
Let k(v) = 5*v**3 + 4*v**2 + 5*v + 9. Let i(t) = 6*t**3 + 4*t**2 + 8*t + 10. Let x(h) = -3*i(h) + 4*k(h). What is x(-3)?
0
Suppose 4*z = -4*c - 16, 26*c + 44 = 29*c - 5*z. Let f(w) = w**3 + 8*w**2 - 31*w - 2. What is f(c)?
4
Let j(i) = -5*i**2 + 16*i - 11. Let x(t) be the second derivative of t**4/12 - 2*t**3/3 + t**2 + t + 1. Let l(v) = 2*j(v) + 9*x(v). Give l(-5).
-9
Let n(b) = -27*b**2 + 54*b**2 - 26*b**2 - 1 - b**3 - 1. Suppose -5*q + 26 = -2*x + 7, q - 8 = -x. Calculate n(x).
-20
Let r(c) be the first derivative of c**3/3 - 3*c + 2931. Calculate r(-2).
1
Suppose -124*w + 470 = -30*w. Let v(d) = -5*d**2 + 9*d + 5. Determine v(w).
-75
Let f(x) = x**3 + 7*x**2 - x + 4. Let j be ((-101)/(-7) + (-45)/105)/(-2). Calculate f(j).
11
Let o(a) = -a**3 - 11*a**2 + 3*a - 10. Let f = -434 - -473. Suppose 5 + 45 = -5*g + 5*p, 5*p = 4*g + f. Give o(g).
-43
Let g(u) = 8*u + 3. Let m(b) = 22*b + 8. Let c(z) = -7*g(z) + 2*m(z). Let q(k) = 6*k + 1. Let h(j) = -3*c(j) - 5*q(j). Give h(-5).
-20
Let r(w) = -w**3 + 17*w**2 - 32*w + 10. Suppose -194*o + 196*o = -3*q + 57, 5*q - 3*o = 57. What is r(q)?
-20
Let t(q) = -5. Let m(x) = x + 23. Let c(a) = m(a) + 4*t(a). Let g(v) = v**2 - 9*v - 15. Let r be g(10). Give c(r).
-2
Let b(i) = -2*i**2 + 22*i + 22. Suppose -31*m = 20*m - 398 - 265. Calculate b(m).
-30
Let f(a) = -20*a - 5. Let t be ((-26)/9)/(-13) - 2/9. Let r be f(t). Let i(h) be the first derivative of -h**3/3 - 3*h**2 - 4*h + 1. Determine i(r).
1
Let h(y) = -y**2 + 11*y + 12. Suppose 0 = 95*z - 91*z - 1024. Suppose -262*i + z*i = -60. Determine h(i).
22
Suppose 4*t - r + 18 = 0, 3*r = t - 0 - 1. Let m(j) = -3*j - 25. Give m(t).
-10
Let j = 17008 - 17020. Let p(n) = 2*n**2 + 23*n - 5. Calculate p(j).
7
Let b(i) = -129*i - 52. Let x(j) = 83*j + 34. Let v(w) = 9*b(w) + 14*x(w). Suppose -3*r = -13 + 43. What is v(r)?
-2
Suppose c + 4 = 0, 2*j = 3*j + 4*c + 17. Let g(d) = -67*d + 37*d + 31*d + 0 - 1. Give g(j).
-2
Let y(o) = -o**2 - 156 + 29*o - 381 + 2*o**2 - 181. What is y(-45)?
2
Suppose 18*c + 298 = 425 - 379. Let y(i) = i**3 + 15*i**2 + 23*i + 16. Calculate y(c).
-110
Let y(x) = 174*x - 6. Let z(j) = 237*j - 6. Let d(l) = 4*y(l) - 3*z(l). Determine d(-4).
54
Let j be 78*-9*(-5)/90. Let y(i) = 27*i + 1 - 74*i + j*i - 11 + 11. Suppose 4 = -2*c - 0*c. Determine y(c).
17
Let j(t) = -7*t**2 - 34*t + 152. Let c(q) = 4*q**2 + 20*q - 90. Let p(n) = 12*c(n) + 7*j(n). Calculate p(0).
-16
Let k(z) = z**2 - 10*z + 2. Suppose -5*t = -17*t - 0*t. Suppose -w - 19 = -5*n, 7*n - 12*n - w + 11 = t. Give k(n).
-19
Let o be ((-12)/60)/(7/140). Let x(h) = h**3 - 2*h**2 + 5*h. Give x(o).
-116
Let i(f) = 4 + 2*f + 0*f + f. Let j(t) be the first derivative of -t**3/3 + 5*t**2 - 19*t - 41. Let l be j(5). Determine i(l).
22
Let z(y) = 3*y + 3. Suppose -2*g - 56 = -9*g. Suppose -3 = g*n + 13. Let s be 0 + -3*(n - -3). What is z(s)?
-6
Let r(j) = -j**2 + 2*j - 5. Let l(c) = 23*c + 391. Let d(t) = 2*t**3 + 11*t**2 + 21*t + 1. Let y be d(-3). Let a be l(y). Calculate r(a).
-5
Let f(s) = 4*s + 2. Let c(y) = -9*y - 5. Let j(x) = -3*c(x) - 7*f(x). Let l be (6/13)/(6/39). Let n(o) = -1. Let h(r) = l*n(r) + j(r). Determine h(4).
-6
Let r(q) be the first derivative of -q**2 + 7*q - 425. Give r(-3).
13
Let j(z) = -7985*z + 3982*z - 6 + 3990*z. Give j(7).
-97
Let o(u) = -u**3 - u**2 + u - 1. Let b(a) = -4*a**3 - 7*a**2 + 6*a - 2. Let n(m) = -b(m) + 3*o(m). Let r(c) = 2*c**2 - 79*c + 35. Let p be r(39). What is n(p)?
11
Let r = 50 - 45. Let p be ((-10)/(-25))/((-2)/r). Let z(f) = -5*f**2 + f. Determine z(p).
-6
Let v(z) = -z**3 - 8*z**2 - 2. Let r be 4/34 + 330/85. Suppose 22*c - 21*c = r. Let u be -12*(0 + c/6). Calculate v(u).
-2
Let o be 1*(0/4 - 0). Let p be ((-1)/(-1) - o) + 2. Suppose q = -2*q - p. Let c(l) = -l**3 + 2*l + 1. Give c(q).
0
Let f(a) be the third derivative of -a**5/60 - 5*a**4/24 + a**3 - 3*a**2. Let q(g) = 104*g**2 - 9671*g - 100. Let y be q(93). Calculate f(y).
-8
Suppose -2*x - 1 = -3*x. Let t(v) = -62*v**3 - 19*v